e the prime factors of q?
3, 13
Suppose 3*z = 4*b - 9*b - 1, z - 3 = -b. Let y(h) = 39*h - 21. Let x be y(z). Let i = 457 - x. What are the prime factors of i?
2, 83
Suppose -o = 2*q - 15 + 4, -3*q + 24 = 3*o. Suppose -5 + 35 = 5*g. Suppose -o*w + 15 = -f, 0 = -5*f + g*w - 11*w + 45. List the prime factors of f.
5
Suppose -40*h + 50*h - 15680 = 0. Let x = h + -771. What are the prime factors of x?
797
Let v = -48 - -1277. Let g = v - -12. What are the prime factors of g?
17, 73
Suppose -3*y + 5*o + 1978 = 0, -5*y - 3*o = -3414 + 140. List the prime factors of y.
2, 41
Let d be (-21)/14*(-9136)/6. Suppose 4*x + 5*c = d, 4*x - 1350 = -c + 934. What are the prime factors of x?
571
Suppose -z + 71294 = v, 0 = 4*v + 3*z + 41289 - 326458. List the prime factors of v.
71287
Let v(t) = t**2 - t + 461. Let g be v(0). Suppose g = 2*k + 41. Suppose 0 = 3*a + 3*a - k. What are the prime factors of a?
5, 7
Let s(a) = -1458*a + 1380. What are the prime factors of s(-7)?
2, 3, 1931
Let g(m) = 3*m**2 + 12*m - 61. Let z be g(-16). Let f = -197 + z. List the prime factors of f.
2, 3, 53
Let b(y) be the first derivative of 9/2*y**2 - 6*y - 18 - 2/3*y**3 + 3/4*y**4. What are the prime factors of b(3)?
2, 3, 7
Let l be ((-2)/(-12)*2)/(7/63). List the prime factors of (1002/(-27)*l)/2*-3.
167
Let a = 85 + -84. Let w(l) be the second derivative of 151*l**5/20 - l**4/12 + l**3/2 - l**2/2 + l. List the prime factors of w(a).
2, 19
List the prime factors of 1738/((-33)/(-3))*(12*10 + 2).
2, 61, 79
Let o(c) = -2*c**3 + 2*c - 10. Let x be o(0). Let k(f) = -f**3 - 6*f**2 - 5*f + 8. List the prime factors of k(x).
2, 229
Suppose -4*r = -g + 1990, -g = -2*g - 6*r + 1950. List the prime factors of g.
2, 3, 7, 47
Suppose -630*p + 623*p + 42455 = 0. Suppose -2*n - 3*n = -p. What are the prime factors of n?
1213
What are the prime factors of 2200 - (3 - (20/(-6))/((-38)/57))?
2, 3, 367
Suppose -24 = 10*c - 4. Let r be 3 + (0 - c) - 1. Suppose x = -5*j + 137, -r*x + 5*j + 259 = -2*x. What are the prime factors of x?
2, 3, 11
Let t(a) = -86*a - 4292. List the prime factors of t(-99).
2, 2111
Let z(v) = -195*v**2 + 1. Let f be z(1). Suppose n - 4*l = 283, -3*n + 7*n - 3*l = 1106. Let x = f + n. What are the prime factors of x?
3
Let o(h) = 124*h + 132 - 109 - 89*h + 128*h. List the prime factors of o(3).
2
Let b = 165 - 165. Suppose 0 = -3*y - b*y + 900. List the prime factors of y.
2, 3, 5
List the prime factors of 347/2082 + (-128758)/(-12).
2, 5, 29, 37
Let q = 143 - 119. Suppose -5*t + 3*l = -4284, -20*l + q*l = 2*t - 1722. What are the prime factors of t?
3, 5, 19
Suppose 5*s + 5*n = 274100, 28 = -13*n + 17*n. What are the prime factors of s?
3, 11, 151
Suppose 2 = -2*p + 4*n, -8*n + 13*n - 20 = -p. Suppose -k + 5*y + 533 = -0*y, -5*k + 2665 = p*y. What are the prime factors of k?
13, 41
Let r(y) = y**2 - 33*y - 255. Suppose 379 = 12*z - 125. What are the prime factors of r(z)?
3, 41
Let j(v) = 6*v - 4. Suppose -4*a = -2*c - 0*c + 86, -2*a = 4*c - 122. Suppose 36*m - c*m = 12. List the prime factors of j(m).
2, 5
Let u(a) = 2978*a**2 - 111*a + 426. What are the prime factors of u(4)?
2, 5, 11, 433
Let k be ((-18)/(-45))/((-1)/(-5)). Let p(d) = -4*d**2 - 3*d + 0*d**2 + 8 + d**3 - 9 + 2*d**k. What are the prime factors of p(5)?
59
List the prime factors of (-9 - (-3 - -62 - 2))*-1057.
2, 3, 7, 11, 151
Let l be (-48)/(1 - -11) - 7*-127. Let i = -307 + l. List the prime factors of i.
2, 17
Let v(f) = -f**3 + 2*f**2 - f. Let w be v(5). Let j = w + 214. Suppose -4*z = -18 - j. List the prime factors of z.
2, 19
What are the prime factors of (-18)/((-1260)/1930510) + (-2)/(-7)?
3, 29, 317
Suppose -3*m = 9*u - 256305, 46*m + 113907 = 4*u + 41*m. What are the prime factors of u?
2, 29, 491
Suppose -1 = 2*j - 11. Let r(h) = -2*h**2 + 9*h + 5. Let v be r(j). Suppose v = -d + 16 + 1. What are the prime factors of d?
17
Let l(v) = 6*v**2 + 30*v - 219. What are the prime factors of l(5)?
3
Let p be 11/(-4) + 3*(-5)/60. List the prime factors of (-113)/((-70)/21 - p).
3, 113
Let y = -197 + 53. List the prime factors of ((-288)/10)/(-5 + y/(-30)).
2, 3
Let v be -2*(3 - 22/4). Suppose 0 = v*p + q - 1147, 4*p - 920 = -13*q + 11*q. What are the prime factors of p?
229
What are the prime factors of (-17)/(-306)*-9*-56608?
2, 29, 61
Let a be (-1)/3 - (-362)/6. Let m be (-42)/12*(-80)/14. List the prime factors of (-1 - -22)/(m/a).
3, 7
What are the prime factors of (-9967948)/(-3760) + 1/(-20)?
11, 241
Suppose d - 3*h - 410 = 0, 7*d - 1242 = 4*d + 3*h. Let g = d - 346. What are the prime factors of g?
2, 5, 7
Let a(i) = i**2 - 12*i - 822. Let n be a(0). Let g = 29 - n. What are the prime factors of g?
23, 37
Let j(l) = 6*l**2 - 25*l + 3. Let w(k) = k**2 - 2*k - 1. Let m(s) = j(s) - 5*w(s). List the prime factors of m(-15).
2, 229
Let x(v) = 7*v + 67. Suppose 4*i - 11*i = 63. Let c be x(i). Suppose -c*u = -2*u - 60. What are the prime factors of u?
2, 3, 5
Let t(d) = 20*d**2 + 444 - 25*d - 4*d**2 - d**3 - 423. List the prime factors of t(11).
3, 13
Suppose 5*y - 4*y = 4*z + 347, 5*z + 348 = y. Suppose y - 1159 = -8*u. List the prime factors of u.
2, 3, 17
Let j(g) = g**3 - 2*g**2 - 7*g - 4. Suppose 33*y = 31*y + 8. Let v be j(y). Suppose v = -6*r + r + 480. What are the prime factors of r?
2, 3
Let u(x) = -3*x + 103. Let g be u(21). Let a = g - -532. What are the prime factors of a?
2, 11, 13
Let u(j) = 10*j**2 + 9*j + 69. Let k be u(11). Let s = k + -731. List the prime factors of s.
647
Suppose 0 = -43*a + 48*a - 7745. Let f = a - 897. What are the prime factors of f?
2, 163
Let g be (-12)/4 + (6 - 0). Let f be 3 + ((-27)/45)/(3/15). Suppose 5*i = -f*i - 15, -612 = -g*o + i. What are the prime factors of o?
7, 29
Suppose 3*j - 9 = -0*j. Suppose -5*m + 6 = 2*v, -j = -3*v + 3*m - 15. List the prime factors of ((-29)/v)/((-5 + 2)/(-12)).
2, 29
Let g(h) = -4*h - 84. Let a be g(-22). Suppose 0 = -5*t - a*t + 11331. List the prime factors of t.
1259
Let l(j) = 3*j**2 + 23*j - 23. Let o(f) be the second derivative of f**3/6 - 47*f. Let z(w) = l(w) - 3*o(w). List the prime factors of z(-10).
7, 11
Let x be ((144/(-40))/(-9))/((-2)/(-10)). Suppose -4*u = p - 91 - 64, 2*u - x = 0. List the prime factors of p.
151
Suppose -704122 = -48*r - 127690. What are the prime factors of r?
3, 4003
Suppose -16763 = -5*i - p + 4*p, -5*p = 2*i - 6730. Suppose 3*r + m - i = 0, 11*r - 12*r = -4*m - 1101. List the prime factors of r.
1117
Suppose -q - 154 = -3*q. Let g = -79 - -257. Let o = g - q. List the prime factors of o.
101
Let c be 2/(-8) + 665/(-28). Suppose -u = -2*w - 33, 0*w + w - 141 = -4*u. Let g = c + u. List the prime factors of g.
11
Let j = -12456 - -14405. List the prime factors of j.
1949
Suppose -63*f - 71*f = -2030234. What are the prime factors of f?
109, 139
Suppose -76380 = -30*y - 18*y + 29*y. What are the prime factors of y?
2, 3, 5, 67
Let l(h) = -12*h - 4*h + 5*h + 13*h - 15. What are the prime factors of l(21)?
3
Let j(v) = -15*v**2 + 4*v - 14. Let r(z) = -16*z**2 + 4*z - 10. Let i(f) = -3*j(f) + 2*r(f). List the prime factors of i(5).
3, 109
Let b be (1 - 364)*(-19 + 20). Let y = b - -159. What are the prime factors of 2/(-4) - -3*y/(-8)?
2, 19
Let r = 15321 + -6764. What are the prime factors of r?
43, 199
Suppose -4*a + 4*c = -140, -a + 5*a + 5*c = 95. List the prime factors of 311 - a/(-1 + -5).
2, 79
What are the prime factors of -1*(-10)/(-165) + 2304736/264?
2, 3, 5, 97
Let w = -11618 - -25859. List the prime factors of w.
3, 47, 101
Suppose i + 4*h - 2593 = -2*i, 2*h = -2*i + 1730. Suppose i + 2925 = 6*k. Suppose 5*l = 0, -3*w + k = w + l. List the prime factors of w.
2, 79
Let f = 5725 + 2851. What are the prime factors of f?
2, 67
Suppose 1068854 = 9*p - 4*u + 217400, 0 = 4*p + 2*u - 378390. What are the prime factors of p?
2, 3, 15767
Let z(t) = 10*t**3 - 52*t**2 - 10*t + 15. Let x(m) = -7*m**3 + 35*m**2 + 7*m - 10. Let i(o) = -7*x(o) - 5*z(o). What are the prime factors of i(10)?
5, 101
What are the prime factors of ((-3)/(-8) - (-21618)/80)/(5/50)?
2, 3, 11, 41
Suppose 4*m = -j + 13620 + 11642, j = -3*m + 18946. What are the prime factors of m?
2, 1579
Let n(y) = 122*y - 6. Let i(h) = -120*h + 5. Let j(w) = 5*i(w) + 4*n(w). What are the prime factors of j(-2)?
3, 5
Suppose -l